3 is divided by 1121446.
519
What is the remainder when 1955299 is divided by 94?
5
What is the remainder when 21378558 is divided by 64?
62
Calculate the remainder when 18703115 is divided by 8623.
8451
Calculate the remainder when 20733 is divided by 1794.
999
Calculate the remainder when 6290704 is divided by 38.
32
Calculate the remainder when 376307 is divided by 3370.
2237
What is the remainder when 517891 is divided by 5684?
647
Calculate the remainder when 521345 is divided by 88.
33
What is the remainder when 15521 is divided by 3680?
801
What is the remainder when 14108303 is divided by 2786?
2785
Calculate the remainder when 2980865 is divided by 111.
71
What is the remainder when 19718325 is divided by 87249?
51
What is the remainder when 3103146 is divided by 1513?
1496
Calculate the remainder when 26231392 is divided by 71.
16
Calculate the remainder when 1538593 is divided by 255877.
3331
What is the remainder when 69507499 is divided by 1250?
1249
Calculate the remainder when 203369 is divided by 6162.
23
Calculate the remainder when 5595851 is divided by 2797916.
19
Calculate the remainder when 45633 is divided by 1458.
435
Calculate the remainder when 4556281 is divided by 13765.
66
Calculate the remainder when 364628 is divided by 577.
541
Calculate the remainder when 45767 is divided by 3054.
3011
What is the remainder when 6274461 is divided by 2102?
2093
Calculate the remainder when 1914674 is divided by 990.
14
Calculate the remainder when 40995 is divided by 805.
745
Calculate the remainder when 22929980 is divided by 3275699.
87
What is the remainder when 357114 is divided by 107?
55
What is the remainder when 48786449 is divided by 1074?
1073
What is the remainder when 7132418 is divided by 3498?
3494
Calculate the remainder when 8573109 is divided by 27.
15
Calculate the remainder when 9730044 is divided by 24885.
9
What is the remainder when 9827 is divided by 491?
7
What is the remainder when 1472628 is divided by 1570?
1538
Calculate the remainder when 760659 is divided by 34.
11
Calculate the remainder when 62499576 is divided by 10416594.
12
What is the remainder when 59552 is divided by 497?
409
Calculate the remainder when 367384165 is divided by 133.
127
Calculate the remainder when 9834 is divided by 7251.
2583
Calculate the remainder when 2984859 is divided by 495.
9
What is the remainder when 21569 is divided by 1933?
306
What is the remainder when 49879 is divided by 4451?
918
Calculate the remainder when 70535755 is divided by 1051.
1043
What is the remainder when 1307616 is divided by 1517?
1479
What is the remainder when 215252 is divided by 21?
2
What is the remainder when 259828137 is divided by 660?
657
What is the remainder when 6407876 is divided by 6788?
4
Calculate the remainder when 417131 is divided by 946.
891
What is the remainder when 43709933 is divided by 656?
653
What is the remainder when 67297326 is divided by 2117?
13
Calculate the remainder when 286038 is divided by 159.
156
Calculate the remainder when 222807 is divided by 2825.
2457
What is the remainder when 302659469 is divided by 151329733?
3
What is the remainder when 662576 is divided by 23?
15
Calculate the remainder when 1433734 is divided by 477905.
19
Calculate the remainder when 86358 is divided by 2398.
30
What is the remainder when 735097 is divided by 4934?
4865
Calculate the remainder when 3220787 is divided by 644093.
322
Calculate the remainder when 444613 is divided by 190.
13
Calculate the remainder when 318859 is divided by 1504.
11
What is the remainder when 5565202 is divided by 348?
334
What is the remainder when 26297 is divided by 3783?
3599
Calculate the remainder when 5889651 is divided by 265.
26
Calculate the remainder when 9391435 is divided by 47.
36
What is the remainder when 86048396 is divided by 43746?
14
Calculate the remainder when 12655930 is divided by 52082.
4
Calculate the remainder when 271335805 is divided by 7.
6
Calculate the remainder when 2961979 is divided by 2700.
79
What is the remainder when 18434423 is divided by 11?
7
What is the remainder when 223591 is divided by 845?
511
Calculate the remainder when 413320038 is divided by 31793849.
1
Calculate the remainder when 181548 is divided by 45339.
192
Calculate the remainder when 3351482 is divided by 789.
599
What is the remainder when 16581030 is divided by 35?
25
What is the remainder when 946194 is divided by 188?
178
What is the remainder when 950818 is divided by 7608?
7426
What is the remainder when 16714228 is divided by 301?
300
Calculate the remainder when 13139472 is divided by 1025.
1022
What is the remainder when 27313 is divided by 243?
97
Calculate the remainder when 7191853 is divided by 2846.
11
What is the remainder when 550230 is divided by 241?
27
Calculate the remainder when 449802939 is divided by 16659368.
3
Calculate the remainder when 2056581 is divided by 139.
76
What is the remainder when 135365 is divided by 4224?
197
Calculate the remainder when 3023345 is divided by 216.
209
What is the remainder when 318552 is divided by 78895?
2972
What is the remainder when 72401322 is divided by 6033443?
6
Calculate the remainder when 98324193 is divided by 5755.
18
What is the remainder when 144208 is divided by 27?
1
Calculate the remainder when 54785674 is divided by 35.
34
What is the remainder when 588854 is divided by 21?
14
What is the remainder when 6438 is divided by 4387?
2051
Calculate the remainder when 18541529 is divided by 45.
44
Calculate the remainder when 5739082 is divided by 1290.
1162
What is the remainder when 52108174 is divided by 2239?
2166
Calculate the remainder when 2171637 is divided by 1267.
1266
Calculate the remainder when 25271233 is divided by 4706.
13
Calculate the remainder when 522283 is divided by 23734.
135
Calculate the remainder when 111276375 is divided by 82.
79
What is the remainder when 108747 is divided by 502?
315
What is the remainder when 4154611 is divided by 41546?
11
Calculate the remainder when 5988966 is divided by 75.
66
Calculate the remainder when 17378 is divided by 3468.
38
What is the remainder when 26980173 is divided by 46?
23
What is the remainder when 177197 is divided by 537?
524
Calculate the remainder when 33047 is divided by 56.
7
What is the remainder when 3806000 is divided by 3253?
3243
What is the remainder when 46781 is divided by 99?
53
Calculate the remainder when 57171 is divided by 57118.
53
What is the remainder when 22110469 is divided by 2763807?
13
What is the remainder when 115308 is divided by 101?
67
Calculate the remainder when 7162947 is divided by 102.
99
Calculate the remainder when 1595675 is divided by 16.
11
Calculate the remainder when 4618981 is divided by 104.
29
What is the remainder when 16448 is divided by 3971?
564
What is the remainder when 2725212 is divided by 247746?
6
What is the remainder when 1157279 is divided by 385758?
5
Calculate the remainder when 25033589 is divided by 9.
8
Calculate the remainder when 461896 is divided by 5037.
3529
What is the remainder when 15592 is divided by 311?
42
Calculate the remainder when 28841332 is divided by 347.
80
What is the remainder when 643233 is divided by 79985?
3353
Calculate the remainder when 273920317 is divided by 14.
13
Calculate the remainder when 1229287 is divided by 145.
122
Calculate the remainder when 754801124 is divided by 72.
68
What is the remainder when 21857 is divided by 1901?
946
Calculate the remainder when 38432 is divided by 45.
2
What is the remainder when 342905169 is divided by 14?
5
Calculate the remainder when 837406 is divided by 6.
4
What is the remainder when 2088540 is divided by 2930?
2380
What is the remainder when 66099 is divided by 172?
51
Calculate the remainder when 1041982 is divided by 1578.
502
What is the remainder when 85804 is divided by 85771?
33
What is the remainder when 774512 is divided by 1152?
368
Calculate the remainder when 118517396 is divided by 2251.
2246
Calculate the remainder when 13979 is divided by 1523.
272
What is the remainder when 482986 is divided by 60372?
10
What is the remainder when 6064372 is divided by 119?
13
What is the remainder when 83268219 is divided by 652?
647
What is the remainder when